861
What are the prime factors of 301306?
2, 79, 1907
List the prime factors of 266790.
2, 3, 5, 8893
What are the prime factors of 21880717?
17, 1287101
List the prime factors of 4138351.
7, 591193
What are the prime factors of 9189728?
2, 287179
List the prime factors of 62488.
2, 73, 107
List the prime factors of 9178052.
2, 13, 13577
List the prime factors of 189726.
2, 3, 103, 307
What are the prime factors of 15518836?
2, 23, 37, 47, 97
What are the prime factors of 2125620?
2, 3, 5, 7, 241
List the prime factors of 22135537.
22135537
List the prime factors of 21259707.
3, 7, 17, 31, 113
What are the prime factors of 714208?
2, 11, 2029
List the prime factors of 3326231.
227, 14653
List the prime factors of 521017.
7, 31
List the prime factors of 43548.
2, 3, 19, 191
What are the prime factors of 274175?
5, 11, 997
What are the prime factors of 2185019?
19, 115001
What are the prime factors of 9527?
7, 1361
What are the prime factors of 23856459?
3, 11, 659, 1097
What are the prime factors of 12128355?
3, 5, 269519
What are the prime factors of 1176577?
41, 28697
What are the prime factors of 125158?
2, 11, 5689
List the prime factors of 1594930.
2, 5, 349, 457
List the prime factors of 574034.
2, 23, 12479
What are the prime factors of 13271102?
2, 13, 197, 2591
What are the prime factors of 20924156?
2, 11, 475549
List the prime factors of 557851.
7, 79693
List the prime factors of 183076.
2, 37, 1237
What are the prime factors of 864413?
11, 78583
List the prime factors of 42363.
3, 523
List the prime factors of 37496899.
11, 19, 179411
What are the prime factors of 370380?
2, 3, 5, 6173
What are the prime factors of 867072?
2, 3, 1129
List the prime factors of 2795703.
3, 931901
What are the prime factors of 1206675?
3, 5, 31, 173
What are the prime factors of 2733763?
1153, 2371
List the prime factors of 25978.
2, 31, 419
What are the prime factors of 751801?
23, 32687
List the prime factors of 560623.
7, 283
List the prime factors of 861945.
3, 5, 7, 8209
What are the prime factors of 166752?
2, 3, 193
What are the prime factors of 413569?
13, 29, 1097
What are the prime factors of 10376199?
3, 757, 1523
What are the prime factors of 489109?
489109
List the prime factors of 8063315.
5, 13, 19, 6529
What are the prime factors of 18519?
3, 6173
List the prime factors of 332806.
2, 166403
List the prime factors of 208198.
2, 41, 2539
What are the prime factors of 4273496?
2, 53, 10079
What are the prime factors of 290033?
290033
What are the prime factors of 544147?
263, 2069
List the prime factors of 39959771.
43, 313, 2969
What are the prime factors of 3157193?
13, 211, 1151
List the prime factors of 129801.
3, 7, 883
List the prime factors of 2208025.
5, 88321
List the prime factors of 10167795.
3, 5, 11, 41, 167
What are the prime factors of 555108?
2, 3, 167, 277
What are the prime factors of 4118184?
2, 3, 7, 8171
What are the prime factors of 169302?
2, 3, 7, 29, 139
List the prime factors of 24242107.
223, 108709
What are the prime factors of 3549916?
2, 887479
List the prime factors of 5609142.
2, 3, 7, 11, 19, 71
List the prime factors of 1018153.
19, 41, 1307
What are the prime factors of 7712725?
5, 308509
What are the prime factors of 5511771?
3, 601, 1019
List the prime factors of 4896995.
5, 397, 2467
What are the prime factors of 446783?
163, 2741
List the prime factors of 3709920.
2, 3, 5, 59, 131
What are the prime factors of 3680411?
7, 525773
What are the prime factors of 3114391?
7, 63559
What are the prime factors of 2125582?
2, 709, 1499
What are the prime factors of 2229285?
3, 5, 331, 449
List the prime factors of 19850522.
2, 9925261
What are the prime factors of 325422?
2, 3, 101, 179
List the prime factors of 253244.
2, 63311
List the prime factors of 5224463.
283, 18461
List the prime factors of 3060507.
3, 59, 17291
List the prime factors of 64782.
2, 3, 59, 61
What are the prime factors of 12056591?
59, 181, 1129
What are the prime factors of 4208953?
7, 1753
List the prime factors of 736048.
2, 179, 257
What are the prime factors of 27717863?
887, 31249
List the prime factors of 142404.
2, 3, 11867
List the prime factors of 6440762.
2, 3220381
List the prime factors of 146234.
2, 11, 17, 23
What are the prime factors of 12312031?
12312031
List the prime factors of 263123.
7, 37589
List the prime factors of 293230.
2, 5, 7, 59, 71
List the prime factors of 9084083.
41, 149, 1487
List the prime factors of 742485.
3, 5, 49499
What are the prime factors of 757294?
2, 79, 4793
What are the prime factors of 41145?
3, 5, 13, 211
List the prime factors of 33906.
2, 3, 5651
What are the prime factors of 252828?
2, 3, 2341
What are the prime factors of 26772?
2, 3, 23, 97
What are the prime factors of 30929824?
2, 966557
What are the prime factors of 5980128?
2, 3, 7, 11, 809
What are the prime factors of 456349?
456349
What are the prime factors of 19311863?
19311863
List the prime factors of 5722088.
2, 167, 4283
List the prime factors of 22615014.
2, 3, 79, 47711
List the prime factors of 10355857.
59, 175523
What are the prime factors of 765153?
3, 17, 1667
List the prime factors of 898072.
2, 7, 29, 79
List the prime factors of 2062840.
2, 5, 13, 3967
What are the prime factors of 1573662?
2, 3, 41, 6397
List the prime factors of 153682.
2, 43, 1787
What are the prime factors of 3551589?
3, 17, 139, 167
What are the prime factors of 1073015?
5, 214603
List the prime factors of 12275.
5, 491
What are the prime factors of 2819185?
5, 563837
What are the prime factors of 2247782?
2, 43, 59, 443
List the prime factors of 7967060.
2, 5, 398353
What are the prime factors of 7986999?
3, 1567, 1699
What are the prime factors of 584985?
3, 5, 59, 661
What are the prime factors of 64355?
5, 61, 211
What are the prime factors of 454917?
3, 19, 23, 347
List the prime factors of 8053044.
2, 3, 671087
What are the prime factors of 1398325?
5, 55933
List the prime factors of 11699014.
2, 5849507
List the prime factors of 16408991.
1223, 13417
What are the prime factors of 137638?
2, 68819
What are the prime factors of 12332936?
2, 7, 11, 20021
What are the prime factors of 615197?
11, 55927
List the prime factors of 380037.
3, 7, 18097
What are the prime factors of 4584833?
11, 19, 21937
What are the prime factors of 28600745?
5, 2269, 2521
List the prime factors of 16829162.
2, 7, 991, 1213
List the prime factors of 2297852.
2, 157, 3659
What are the prime factors of 417997?
417997
List the prime factors of 462636.
2, 3, 71, 181
List the prime factors of 7390483.
7390483
What are the prime factors of 247842?
2, 3, 7, 281
What are the prime factors of 9939371?
13, 823, 929
What are the prime factors of 54123?
3, 18041
What are the prime factors of 482167?
7, 68881
What are the prime factors of 9553114?
2, 193, 24749
What are the prime factors of 288334?
2, 144167
What are the prime factors of 25964?
2, 6491
List the prime factors of 7869818.
2, 11, 23, 103, 151
What are the prime factors of 740946?
2, 3, 123491
List the prime factors of 12842074.
2, 7, 917291
What are the prime factors of 107169?
3, 139, 257
What are the prime factors of 763712?
2, 11933
List the prime factors of 453243.
3, 7, 113, 191
List the prime factors of 452074.
2, 7, 659
What are the prime factors of 59269?
7, 8467
What are the prime factors of 2878055?
5, 575611
What are the prime factors of 24593?
24593
What are the prime factors of 1544558?
2, 772279
List the prime factors of 15316633.
89, 172097
What are the prime factors of 3299680?
2, 5, 41, 503
List the prime factors of 26207.
73, 359
What are the prime factors of 328624?
2, 19, 23, 47
What are the prime factors of 25270324?
2, 6317581
What are the prime factors of 4736903?
4736903
What are the prime factors of 1122615?
3, 5, 13, 19, 101
What are the prime factors of 7006861?
1187, 5903
What are the prime factors of 502575?
3, 5, 6701
What are the prime factors of 251872?
2, 17, 463
What are the prime factors of 434215?
5, 86843
List the prime factors of 585726.
2, 3, 41, 2381
List the prime factors of 3869358.
2, 3, 31, 71, 293
List the prime factors of 2055309.
3, 685103
List the prime factors of 122031.
3, 7, 13, 149
What are the prime factors of 1227062?
2, 359, 1709
List the prime 